s the highest common divisor of 51 and 4912881?
51
What is the highest common divisor of 45662 and 1106?
158
Calculate the highest common factor of 3 and 60933.
3
What is the highest common divisor of 321273 and 652?
163
What is the greatest common factor of 3091 and 421781?
281
What is the highest common divisor of 578 and 79492?
34
What is the highest common divisor of 227216 and 528?
176
Calculate the greatest common divisor of 28695 and 75.
15
What is the highest common divisor of 19482 and 918?
102
Calculate the greatest common divisor of 30399 and 16.
1
What is the highest common divisor of 350 and 473425?
25
Calculate the greatest common divisor of 2480 and 11120.
80
Calculate the highest common factor of 10980 and 1208715.
915
Calculate the highest common divisor of 2067 and 1482.
39
What is the greatest common divisor of 196 and 11430916?
196
What is the greatest common factor of 14553 and 1485?
297
What is the greatest common factor of 99832 and 24?
8
Calculate the highest common factor of 39 and 161213.
13
Calculate the highest common factor of 864 and 904.
8
What is the greatest common divisor of 1022 and 423619?
511
What is the highest common divisor of 4368 and 1157?
13
Calculate the highest common divisor of 5311 and 6345.
47
What is the highest common factor of 19 and 9604025?
19
Calculate the greatest common divisor of 6768 and 11736.
72
Calculate the highest common divisor of 19493 and 112817.
101
Calculate the greatest common factor of 262 and 524131.
131
What is the greatest common divisor of 3584 and 13824?
512
Calculate the highest common factor of 200 and 678925.
25
What is the highest common divisor of 706 and 26?
2
Calculate the greatest common divisor of 977025 and 150.
75
What is the greatest common factor of 192 and 1971852?
12
Calculate the greatest common divisor of 5588 and 13081.
127
Calculate the highest common divisor of 24 and 17217.
3
What is the greatest common factor of 4158278 and 23312?
2914
What is the greatest common factor of 8742 and 40890?
282
Calculate the greatest common factor of 9805595 and 2111.
2111
What is the highest common divisor of 2043219 and 2315?
463
Calculate the greatest common divisor of 36367 and 20401.
887
What is the greatest common divisor of 16540 and 20?
20
What is the greatest common factor of 237 and 1326805?
79
Calculate the greatest common divisor of 23783 and 459.
17
Calculate the greatest common divisor of 19888 and 452.
452
Calculate the greatest common divisor of 462 and 8400.
42
What is the greatest common factor of 167624 and 46?
46
What is the greatest common factor of 2236 and 526492?
172
What is the greatest common divisor of 435 and 8613?
87
What is the greatest common divisor of 4650 and 1175?
25
What is the highest common divisor of 7141 and 6327?
37
What is the highest common factor of 8115 and 3765?
15
What is the greatest common divisor of 1252 and 3422655?
313
Calculate the greatest common divisor of 742831 and 46.
23
What is the greatest common factor of 1232399 and 343?
343
Calculate the highest common factor of 17000 and 56848.
136
What is the greatest common factor of 1281 and 826062?
183
What is the greatest common factor of 83754 and 22?
22
Calculate the highest common factor of 413 and 18113.
59
What is the greatest common factor of 2937816 and 168?
168
Calculate the greatest common divisor of 1 and 1961.
1
Calculate the highest common divisor of 52 and 66118.
26
What is the greatest common factor of 147039 and 437?
23
Calculate the greatest common factor of 203264 and 512.
512
Calculate the greatest common divisor of 13812 and 228.
12
Calculate the greatest common divisor of 73487 and 86.
43
Calculate the greatest common factor of 2340 and 114010.
130
What is the highest common factor of 36 and 77220?
36
What is the highest common factor of 13184 and 16892?
412
Calculate the greatest common divisor of 14 and 1348613.
7
Calculate the highest common factor of 19494 and 5994.
54
Calculate the greatest common divisor of 195412 and 2991.
997
Calculate the highest common divisor of 426 and 38382.
6
What is the highest common divisor of 5 and 1089245?
5
What is the greatest common divisor of 543 and 31313?
181
What is the greatest common divisor of 768 and 19152?
48
Calculate the greatest common factor of 578 and 8891374.
578
What is the highest common divisor of 1029382 and 190?
38
What is the greatest common divisor of 117344 and 7904?
608
Calculate the highest common factor of 2482 and 22046.
146
What is the highest common divisor of 54 and 3977586?
54
Calculate the highest common divisor of 12140 and 400.
20
Calculate the highest common divisor of 285 and 43776.
57
Calculate the greatest common divisor of 232 and 325272.
8
What is the highest common factor of 61984 and 14602?
298
Calculate the greatest common factor of 59120 and 250.
10
Calculate the greatest common divisor of 39 and 17115774.
39
What is the greatest common factor of 30 and 632862?
6
Calculate the highest common factor of 6058 and 31222.
466
Calculate the highest common factor of 6 and 208002.
6
What is the greatest common factor of 165 and 65910?
15
Calculate the highest common divisor of 80886 and 714.
102
Calculate the highest common divisor of 78 and 82758.
78
What is the greatest common divisor of 65 and 276445?
65
What is the greatest common factor of 45 and 18036?
9
What is the greatest common divisor of 11319 and 286?
11
Calculate the highest common divisor of 23628 and 144.
12
What is the highest common factor of 22 and 611974?
22
What is the greatest common divisor of 14385 and 8925?
105
What is the highest common divisor of 286 and 42146?
26
What is the highest common divisor of 220525 and 10?
5
What is the highest common factor of 766998 and 18?
18
Calculate the greatest common divisor of 8130 and 420.
30
Calculate the greatest common divisor of 38036 and 284.
4
What is the greatest common factor of 16391 and 89929?
443
What is the greatest common factor of 126180 and 270?
90
Calculate the greatest common factor of 45132 and 804.
12
What is the greatest common factor of 11226 and 54?
6
Calculate the greatest common factor of 37310 and 1274.
182
Calculate the greatest common factor of 5 and 3051130.
5
Calculate the highest common divisor of 26287 and 2981.
271
Calculate the highest common divisor of 7364261 and 547.
547
What is the greatest common divisor of 1079640 and 300?
60
Calculate the highest common factor of 4954366 and 614.
614
Calculate the greatest common factor of 58104 and 216.
216
What is the highest common factor of 2234981 and 1946?
973
Calculate the greatest common factor of 8142 and 10797.
177
Calculate the greatest common factor of 653 and 243569.
653
Calculate the highest common factor of 347822 and 366.
122
Calculate the greatest common factor of 5539 and 3056.
191
Calculate the highest common factor of 287328 and 456.
24
What is the greatest common factor of 2695 and 1820?
35
What is the highest common factor of 33914 and 4?
2
Calculate the highest common factor of 264976 and 16.
16
Calculate the highest common factor of 61875 and 99.
99
Calculate the highest common factor of 20145 and 68.
17
Calculate the highest common divisor of 28827 and 5463.
9
Calculate the greatest common factor of 483 and 21597.
69
Calculate the highest common divisor of 1309 and 9282.
119
Calculate the highest common divisor of 7930 and 4307576.
1586
What is the greatest common divisor of 524 and 5332?
4
What is the greatest common factor of 177680 and 290?
10
What is the highest common factor of 462 and 219989?
77
What is the greatest common divisor of 2712692 and 37?
37
Calculate the highest common divisor of 8919046 and 2252.
1126
What is the greatest common divisor of 156 and 9092?
4
What is the highest common divisor of 60326 and 5425?
217
What is the highest common factor of 15492900 and 300?
300
What is the highest common factor of 21413 and 1541?
23
Calculate the highest common factor of 8091 and 3069.
279
What is the highest common divisor of 378 and 14634?
54
What is the highest common divisor of 3228 and 444?
12
What is the greatest common divisor of 200 and 93700?
100
Calculate the highest common divisor of 48 and 470892.
12
Calculate the greatest common factor